s 248860153 composite?
False
Is 8100991 a composite number?
True
Is 10722685 composite?
True
Is 10131587 a prime number?
False
Is 823676227 prime?
False
Is 3352047 prime?
False
Is 467709019 prime?
True
Is 133416977 a prime number?
True
Is 2048861 a prime number?
True
Is 3106421 prime?
True
Is 315583649 a composite number?
False
Is 67603561 composite?
False
Is 65582809 a composite number?
True
Is 18425923 composite?
False
Is 74831738 a prime number?
False
Is 163368587 a composite number?
True
Is 20928755 composite?
True
Is 173703781 composite?
True
Is 13425647 a prime number?
False
Is 6006071 a composite number?
True
Is 430889 prime?
False
Is 96470141 a composite number?
True
Is 20869177 a composite number?
True
Is 5333893 composite?
True
Is 243526295 prime?
False
Is 251773 composite?
True
Is 2193929 composite?
False
Is 776310719 a prime number?
True
Is 209346983 a composite number?
True
Is 63978601 composite?
True
Is 20818093 composite?
True
Is 28472495 composite?
True
Is 33151987 prime?
False
Is 483731231 prime?
False
Is 11059187 a composite number?
False
Is 4367163 a prime number?
False
Is 48438723 composite?
True
Is 172535869 a prime number?
False
Is 3021407 a composite number?
False
Is 867703 a composite number?
True
Is 4622847 composite?
True
Is 6614551 prime?
False
Is 207758981 a prime number?
True
Is 22477369 prime?
True
Is 98766433 composite?
False
Is 21204673 a prime number?
False
Is 393893627 a composite number?
True
Is 33475514 prime?
False
Is 5132587 prime?
False
Is 5437547 prime?
True
Is 1317751 composite?
False
Is 65749867 a prime number?
True
Is 6223099 prime?
True
Is 139557655 a composite number?
True
Is 1435366 a prime number?
False
Is 1200751 a composite number?
False
Is 5480054 a composite number?
True
Is 947721 a prime number?
False
Is 700326281 composite?
False
Is 1711301 a composite number?
True
Is 108384233 a composite number?
False
Is 7027022 a composite number?
True
Is 551689079 composite?
True
Is 40919759 composite?
False
Is 9663779 a prime number?
True
Is 1456937 prime?
True
Is 4602017 a composite number?
True
Is 6410059 a prime number?
True
Is 3635917 a prime number?
False
Is 3276941 prime?
True
Is 46974539 a prime number?
True
Is 2218847 a composite number?
True
Is 655822561 a prime number?
True
Is 6091229 prime?
False
Is 48117103 a prime number?
True
Is 75236531 a composite number?
False
Is 22610843 a prime number?
True
Is 4757521 prime?
True
Is 10476286 a prime number?
False
Is 257035853 a composite number?
False
Is 15532463 a composite number?
False
Is 454945273 prime?
True
Is 1274573 prime?
False
Is 44836549 composite?
False
Is 51744959 composite?
True
Is 23763653 prime?
True
Is 3188533 composite?
True
Is 16113527 a composite number?
True
Is 3901427 a composite number?
False
Is 207372598 prime?
False
Is 27594701 a prime number?
False
Is 540343 a prime number?
True
Is 35605481 a composite number?
True
Is 15605417 a composite number?
False
Is 52245491 a composite number?
False
Is 645965 composite?
True
Is 8387023 a prime number?
True
Is 21477649 a composite number?
True
Is 36848237 a composite number?
False
Is 79664693 a prime number?
True
Is 4547729 a composite number?
False
Is 6749203 prime?
True
Is 2723687 a prime number?
True
Is 55745947 prime?
True
Is 1746259 prime?
True
Is 19983791 a composite number?
True
Is 212638 composite?
True
Is 1771567 composite?
True
Is 56717651 prime?
True
Is 33161081 composite?
False
Is 455502611 prime?
True
Is 6818093 prime?
False
Is 357967 composite?
False
Is 273081173 composite?
False
Is 17996813 a composite number?
False
Is 38220379 a prime number?
True
Is 77799613 prime?
True
Is 3261353 a composite number?
False
Is 3509437 composite?
False
Is 775147 composite?
False
Is 273209 a prime number?
False
Is 19401099 a prime number?
False
Is 1042759 composite?
False
Is 19470989 composite?
False
Is 126629861 composite?
True
Is 9351037 composite?
True
Is 89783231 a prime number?
True
Is 46976053 a composite number?
False
Is 134209353 a prime number?
False
Is 2937527 a prime number?
False
Is 3495565 composite?
True
Is 9324739 composite?
False
Is 3170743 a composite number?
False
Is 1211701 a composite number?
False
Is 574043 a prime number?
False
Is 39124571 composite?
False
Is 6115909 prime?
True
Is 22887413 composite?
False
Is 52521767 prime?
False
Is 2610701 a composite number?
False
Is 175936427 a composite number?
False
Is 106259 a prime number?
False
Is 4395143 a composite number?
False
Is 6516431 a prime number?
True
Is 3421793 a prime number?
True
Is 137977039 a prime number?
True
Is 697391 composite?
True
Is 129717271 prime?
True
Is 489947 prime?
False
Is 37478459 prime?
True
Is 2385607 composite?
True
Is 75285797 a prime number?
True
Is 30851591 composite?
False
Is 115600343 a prime number?
True
Is 3460867 a prime number?
True
Is 134423353 a prime number?
True
Is 2438791 prime?
True
Is 299991961 prime?
False
Is 7035673 composite?
True
Is 56582789 a composite number?
False
Is 19483757 prime?
True
Is 2518559 composite?
False
Is 27375013 prime?
True
Is 5381989 a prime number?
True
Is 1398197 prime?
True
Is 1440263449 composite?
False
Is 36386486 prime?
False
Is 2221873 a composite number?
True
Is 1984039 prime?
True
Is 450107473 a composite number?
True
Is 1639536479 a prime number?
False
Is 45452977 a prime number?
True
Is 276559151 composite?
True
Is 3876869 prime?
True
Is 19339679 a prime number?
False
Is 269041897 prime?
True
Is 244248749 a prime number?
True
Is 44334793 composite?
True
Is 5996171 a composite number?
False
Is 85321 composite?
True
Is 9817629 a prime number?
False
Is 2290871 a composite number?
True
Is 574984843 prime?
False
Is 18609973 prime?
True
Is 20445629 prime?
True
Is 23707933 prime?
True
Is 38865363 composite?
True
Is 34880173 a composite number?
False
Is 103889 a prime number?
True
Is 22808287 a prime number?
False
Is 8260717 prime?
False
Is 280576577 a prime number?
False
Is 18992823 a prime number?
False
Is 5183131 a prime number?
True
Is 27188495 prime?
False
Is 12655621 a composite number?
True
Is 7250987 a composite number?
False
Is 11829157 a prime number?
False
Is 26232683 prime?
False
Is 12804703 a prime number?
True
Is 344315 prime?
False
Is 248970803 composite?
True
Is 29318255 prime?
False
Is 13851771 a composite number?
True
Is 2069677 a composite number?
True
Is 64599347 composite?
True
Is 8008109 prime?
True
Is 2839895 a prime number?
False
Is 22905417 a prime number?
False
Is 199087829 a composite number?
False
Is 3793723 a prime number?
True
Is 6393371 prime?
False
Is 24188471 composite?
True
Is 2732579 prime?
True
Is 347399158 composite?
True
Is 65041901 a prime number?
True
Is 58908149 a composite number?
True
Is 7302107 composite?
False
Is 7294397 a composite number?
True
Is 43866071 composite?
True
Is 13598477 prime?
False
Is 6181349 prime?
True
Is 2904901 prime?
False
Is 18665789 a composite number?
False
Is 204591089 composite?
False
Is 43338523 composite?
True
Is 122812283 a prime number?
False
Is 5497 prime?
False
Is 17350327 composite?
True
Is 298971247 a prime number?
False
Is 929709143 composite?
True
Is 18616082 a prime number?
False
Is 3784577 prime?
True
Is 17155045 prime?
False
Is 2768989 a composite number?
False
Is 205237 composite?
False
Is 22919011 prime?
True
Is 32103877 composite?
True
Is 1818001 prime?
False
Is 3812557 composite?
True
Is 121491779 composite?
False
Is 19268629 a composite number?
True
Is 23459594 a composite number?
True
Is 4002703 prime?
False
Is 967303 a prime number?
False
Is 1397661 prime?
False
Is 13211899 a prime number?
True
Is 31292731 a composite number?
True
Is 34902227 a prime number?
True
Is 2299433 composite?
False
Is 798583 a prime number?
False
Is 1783697 a prime number?
False
Is 1384337 a composite number?
False
Is 324179 a composite number?
False
Is 128509033 prime?
False
Is 192804517 prime?
True
Is 1712611 composite?
True
Is 2342887 a composite number?
True
Is 22011841 a prime number?
False
Is 56620363 composite?
True
Is 1604462 a prime number?
False
Is 192172447 a prime number?
True
Is 48430549 prime?
False
Is 64526974 prime?
False
Is 236469 a prime number?
False
Is 14327891 prime?
True
Is 148557473 prime?
False
Is 175455677 a composite number?
False
Is 2814749 a composite n